3042135 + 5?
-303042130
In base 10, what is 3 - 42744155?
-42744152
In base 16, what is 3 - 4c3282e?
-4c3282b
In base 11, what is 163 + -59897?
-59734
In base 12, what is 25938 + 2a3?
2601b
In base 5, what is -103422 + -242233?
-401210
In base 2, what is 111100001101110 + -11100100?
111011110001010
In base 6, what is 3 - 1412221?
-1412214
In base 9, what is -2218445 + 60?
-2218375
In base 6, what is 5513 + -105024?
-55111
In base 5, what is 10340042212 + -200?
10340042012
In base 5, what is -11122244 + 100211?
-11022033
In base 7, what is -521 - -16130525?
16130004
In base 4, what is -320 + 1012310230?
1012303310
In base 6, what is -43 + -14202210?
-14202253
In base 3, what is 1201021 - 1011212?
112102
In base 16, what is -1e9e - -1116?
-d88
In base 3, what is 0 - -12100000121011100?
12100000121011100
In base 16, what is -c512 + -e7?
-c5f9
In base 10, what is 7559186 + -4?
7559182
In base 3, what is -1 + 100111021021210012?
100111021021210011
In base 12, what is 3 + 47a3b9?
47a400
In base 8, what is 2 - -72723264?
72723266
In base 6, what is 234322 - 10110?
224212
In base 3, what is 1100122001 - -100101?
1100222102
In base 14, what is 47 - -3d066a?
3d06b3
In base 12, what is -4341b1 + -114?
-434305
In base 6, what is -4004333355 + -5?
-4004333404
In base 14, what is a64924 - 11?
a64913
In base 3, what is -200120020201010 - 2?
-200120020201012
In base 12, what is 2269a8 - 33?
226975
In base 8, what is -331023256 + 1?
-331023255
In base 15, what is 12 - 70aa80?
-70aa6d
In base 8, what is 5 + -4761130?
-4761123
In base 3, what is 111100 + -2111012011201?
-2111011200101
In base 3, what is 202 - 1201222011221?
-1201222011012
In base 5, what is 1433320323 - 2?
1433320321
In base 13, what is 4488a76 + -4?
4488a72
In base 13, what is 4aa9ba6 + -c?
4aa9b97
In base 5, what is -22443 - -3212302?
3134304
In base 5, what is 20310034 - 4112?
20300422
In base 9, what is 123532580 - 0?
123532580
In base 14, what is 4c1 + 133c?
181d
In base 9, what is -23801322 - -5?
-23801316
In base 8, what is -4147 + 251242?
245073
In base 14, what is 5 + 6870498?
687049d
In base 15, what is -14 - 3ce818?
-3ce82c
In base 3, what is 1220 - 1221010202220?
-1221010201000
In base 9, what is -7 - -303138652?
303138644
In base 11, what is 57455aa - 30?
574557a
In base 4, what is 30330220111300 - -1?
30330220111301
In base 5, what is -3 + 10043014342?
10043014334
In base 4, what is 3213201300 + 0?
3213201300
In base 4, what is 1002103313 - -1020?
1002110333
In base 3, what is 11 - 2012110011101102?
-2012110011101021
In base 13, what is 34a9 - 8c3?
28b6
In base 12, what is 9 - -1b8b6?
1b903
In base 4, what is -2311 - -1220002200?
1213333223
In base 7, what is 3435330 + 5?
3435335
In base 15, what is 277908d - 3?
277908a
In base 3, what is 1101201021 + 12002211?
1120211002
In base 14, what is -4 - -124dd91?
124dd8b
In base 10, what is 9189 + 1124?
10313
In base 10, what is -152036091 + -5?
-152036096
In base 3, what is 2001220202 - 220211?
2000222221
In base 16, what is -f - 91c020?
-91c02f
In base 7, what is 12433 - -31216?
43652
In base 11, what is 7 + -a147308?
-a147301
In base 4, what is 2110330301 - 33?
2110330202
In base 16, what is 165b + c?
1667
In base 4, what is -1002112313233 - 2?
-1002112313301
In base 13, what is 319 - 80039?
-7ca20
In base 6, what is 222 - -451354?
452020
In base 5, what is 314111 + 3143?
322304
In base 14, what is a0829 + 194?
a09bd
In base 10, what is -36992938 + -4?
-36992942
In base 3, what is 11210212110222 + -2?
11210212110220
In base 6, what is 201 - -411141?
411342
In base 9, what is 7 + 18081362?
18081370
In base 14, what is 3b16db - -11?
3b170c
In base 2, what is 100101000001101100 - 1011?
100101000001100001
In base 7, what is 6 - 1120442550?
-1120442541
In base 4, what is -11 - 1103201222?
-1103201233
In base 4, what is 300 - -2022011201?
2022012101
In base 16, what is -dddfb5 + 0?
-dddfb5
In base 11, what is 2 + -76254?
-76252
In base 2, what is -1101011010000111000 - 10001?
-1101011010001001001
In base 8, what is 230 + 207273?
207523
In base 9, what is 6416078 + 5?
6416084
In base 5, what is -142021440 + -33?
-142022023
In base 3, what is -2202121100001212 + 12?
-2202121100001200
In base 5, what is 3131 + -112334222?
-112331041
In base 9, what is -2504 - 7324?
-10828
In base 8, what is -1 - 123166561?
-123166562
In base 14, what is 0 - -349a32?
349a32
In base 8, what is 57001507 - 4?
57001503
In base 2, what is 11111000 - 1101011110110100?
-1101011010111100
In base 14, what is -83 - 38554?
-385d7
In base 8, what is -303362 - 6?
-303370
In base 12, what is a79 - 2426?
-1569
In base 6, what is 102303234 + 30?
102303304
In base 12, what is -290468 + 37?
-290431
In base 13, what is -b - 505193a?
-5051948
In base 9, what is -448228 + -51?
-448280
In base 13, what is 4a17 + 1113?
5b2a
In base 10, what is 6138 - -3471?
9609
In base 12, what is -548817a7 - -1?
-548817a6
In base 11, what is -15135328 + -20?
-15135348
In base 7, what is -134 - -52036?
51602
In base 4, what is -30131 + 12311033?
12220302
In base 4, what is -12 - 113023213?
-113023231
In base 16, what is 22fd6 - -19e?
23174
In base 8, what is -65270534 - -15?
-65270517
In base 5, what is -23320321 + -333?
-23321204
In base 16, what is 13ecafa + -3?
13ecaf7
In base 4, what is -303311 - -102021?
-201230
In base 11, what is -335998 + 294?
-335704
In base 16, what is 3f - -f5b39?
f5b78
In base 12, what is -8b983 - -2b?
-8b954
In base 11, what is 4248a - 0?
4248a
In base 15, what is -5 - -3a731b8?
3a731b3
In base 15, what is 63a856 + 19?
63a870
In base 2, what is -11110000111111111 + 11110011?
-11110000100001100
In base 8, what is -46 - -12660322?
12660254
In base 3, what is 1100212010 - 110222022?
212212211
In base 16, what is -144e - 6c9d?
-80eb
In base 10, what is -153498 - 1532?
-155030
In base 13, what is 1 - -2b14b7?
2b14b8
In base 12, what is 0 - 10636b26?
-10636b26
In base 12, what is 83 - -21b18?
21b9b
In base 5, what is -11140220421 + 1?
-11140220420
In base 10, what is 44 + 6871243?
6871287
In base 7, what is 2650104 - -50?
2650154
In base 5, what is 1100 - 1021442?
-1020342
In base 9, what is -2767371 + 35?
-2767335
In base 9, what is 80 + 54035?
54125
In base 8, what is -477362 - -13476?
-463664
In base 9, what is -48500 + -4106?
-53606
In base 14, what is -7 - -5a7a405?
5a7a3dc
In base 11, what is 4410 + 1996?
62a6
In base 2, what is -10101111110010011 - 1110010?
-10110000000000101
In base 3, what is -122101 - -1111021201?
1110122100
In base 16, what is 838 - -7779?
7fb1
In base 3, what is 11 + -10121222111020102?
-10121222111020021
In base 10, what is -58 - 490754?
-490812
In base 13, what is -3 - -9653400?
96533ca
In base 14, what is 15977a - 12?
159768
In base 11, what is 5746899 + -9?
5746890
In base 14, what is -1a064 + 1481?
-189c3
In base 8, what is 3 - 10127616?
-10127613
In base 5, what is 13221200 - 1120?
13220030
In base 9, what is 486164 - -58?
486233
In base 12, what is -6379 + -2567?
-8924
In base 14, what is -1c660a + -d?
-1c6619
In base 7, what is -16312161 - 0?
-16312161
In base 6, what is -5 + -305042502?
-305042511
In base 3, what is 2 + 22102201211100?
22102201211102
In base 10, what is 17 - 495141?
-495124
In base 14, what is -355b - 1a86?
-5203
In base 6, what is 12444 + 13051203?
13104051
In base 4, what is 121301213223023 + 3?
121301213223032
In base 8, what is -105431 - -656?
-104553
In base 10, what is -6 + -294419?
-294425
In base 7, what is -5 - 43553161?
-43553166
In base 7, what is -3206 - 25206?
-31415
In base 16, what is -55c3 - d9?
-569c
In base 12, what is 4566 - 34b35?
-3058b
In base 4, what is 32103321122002 - 0?
32103321122002
In base 11, what is -85275 - -9a?
-85186
In base 16, what is 1cab65 + 0?
1cab65
In base 6, what is 5242352513 - 3?
5242352510
In base 12, what is -40 - -2a3203?
2a3183
In base 14, what is 2cdb9 + -ab?
2cd0c
In base 4, what is -2312023232010 - 2?
-2312023232012
In base 2, what is -1011100010 + 100001001011000?
11111101110110
In base 9, what is 0 - 1857626?
-1857626
In base 13, what is 0 + 740ac6?
740ac6
In base 8, what is 4645 + -1516?
3127
In base 2, what is -10101101 + 1011010011000110010?
1011010010110000101
In base 12, what is -9a09887 + 0?
-9a09887
In base 6, what is 2405020 + 3110?
2412130
In base 15, what 